se -3*b = -q - 9, 5*b = -2*q - 48 + w. Calculate h(q).
0
Let h = 1051 - 1059. Let m(f) = f**3 + 8*f**2 + f + 14. What is m(h)?
6
Let u = -1/21 + 8/21. Let v(i) be the first derivative of u*i**3 - 5/2*i**2 + 6 - 9*i. Give v(7).
5
Let u(s) = -17*s**2 + 28*s + 530*s**3 - 10*s + 6*s - 263*s**3 - 121 - 266*s**3. What is u(16)?
7
Let o(n) = 3 - 3*n**3 - 47*n**2 + 4*n**3 - 27*n**2 + 67*n**2. Determine o(6).
-33
Let i(s) be the second derivative of -s**8/6720 + s**7/360 - s**5/24 + 3*s**4/4 + s**2 + 24*s. Let k(f) be the third derivative of i(f). Calculate k(7).
-5
Let s be 7/(84/(-4))*(-6 + 42). Let k(i) = i**3 + 12*i**2 + i + 17. Give k(s).
5
Suppose 3*a - 3*i - 14 = 1, -5*a + 4*i = -20. Let o(s) be the third derivative of -17*s**2 - 1/24*s**4 + 0 - 17/6*s**3 + 0*s + 1/60*s**5. Give o(a).
-17
Let n(w) = -w**2 + 11*w - 5. Let f(r) be the first derivative of r**3/3 - 11*r**2/2 + 4*r + 150. Let c(p) = -5*f(p) - 6*n(p). Calculate c(11).
10
Let q(t) = -t**2 + 17*t + 25. Let x be q(16). Suppose -25 + x = -4*f. Let m(v) = -7*v**3 + 4*v**2 + 5*v + v**2 + 13*v**3 + 2 - 5*v**3. Give m(f).
-2
Let h(y) be the third derivative of 65*y**2 + 1/6*y**3 + 1 + 0*y**4 - 17/60*y**5 + 0*y. What is h(1)?
-16
Let c(o) be the third derivative of o**4/4 - o**3/3 + 199*o**2. Let n = -82 - -79. Determine c(n).
-20
Let c(y) = -y**3 + 3*y**2 - 39*y + 34. Let u(n) = n**3 - 4*n**2 + 34*n - 31. Let q(j) = -5*c(j) - 6*u(j). What is q(8)?
8
Suppose 0 = x - 5*k + 12, 4*x - 18 = -x - k. Let z(a) = 12 + 2*a - 16 - 3957*a**2 + 3956*a**2. Calculate z(x).
-7
Let x(t) be the second derivative of t**4/12 - 126*t. Let z(l) = -l**3 + 6*l**2 - l - 1. Let u(v) = 5*x(v) - z(v). Determine u(0).
1
Let v be (-20500)/(-80) - 10/8. Let o(h) = 248*h + 2 - 2 - v*h. Suppose 3*c - 2 = 4. What is o(c)?
-14
Let w(z) = 4*z**2 + 6*z + 5. Suppose -386 + 12 = 65*k + 122*k. Give w(k).
9
Let p = -193 + 209. Let k = -12 + p. Let o(t) = t**3 - 4*t**2 - 2*t + 1. What is o(k)?
-7
Let c = 15 - 9. Let r(z) = 5*z + 14. Let f(n) = 12*n + 30. Let y be (24/(-16))/((-9)/(-42)). Let q(b) = y*r(b) + 3*f(b). What is q(c)?
-2
Let u(k) be the second derivative of k**6/60 - k**5/120 - k**4/24 + 35*k**3/6 + 59*k. Let g(y) be the second derivative of u(y). What is g(-1)?
6
Suppose -12*r + 14*r + y = 0, 5*r = -2*y. Let l(h) = 14*h**3 + h**2 + 8*h**3 - h - 9 - 41*h**3 + 18*h**3. What is l(r)?
-9
Let b(x) be the second derivative of 2*x**3 + x**2 + 9*x. Suppose -4*a + 12 = -4*q, -q - 5*a = -10*a + 7. What is b(q)?
-22
Let x(u) = -u**2 - 17*u + 6. Let z be x(-9). Suppose 6 = 81*r - z*r. Suppose 0 = 4*n + 2*i, -n + 8 = -r*i - 2. Let s(m) = 2*m**2 - m - 1. Determine s(n).
5
Let c(h) = 9015*h + h**3 - 9017*h - 3*h**2 - 4 - h**2. Suppose 27 = 7*o - 8. Determine c(o).
11
Let c(p) be the third derivative of p**5/60 + 5*p**4/24 - 67*p**3/6 + 4*p**2 - 88*p. Determine c(7).
17
Let s = 34559 + -34555. Let z(v) be the second derivative of 2/3*v**3 + 0 - 37*v + s*v**2. Calculate z(-6).
-16
Let p(a) = a**3 - 3*a**2 - 5*a - 2. Let t be (10/(-1))/2 - (-5 + -6). Suppose -t*l - 4 + 28 = 0. Determine p(l).
-6
Suppose -3*m - 5*q + 17 = 0, 5*m + 5*q = 3*m + 8. Let i(v) = v**3 + 395 - 2*v - 395 + m*v - 10*v**2. Determine i(9).
-18
Let r(t) be the third derivative of 0*t - 1/6*t**5 + 1/6*t**3 + 1/12*t**4 + 1/120*t**6 - 143*t**2 + 0. Give r(10).
21
Let x(d) = d**3 + 16*d**2 + 37*d - 18. Let t be x(-13). Let s(b) = b**2 - 8*b + 2. What is s(t)?
2
Let d = 22 + -21. Let m(n) = -2*n**2 - 7*n - 6. Let x(y) = y + 1. Let v(o) = d*m(o) + 5*x(o). Suppose -52 - 53 = 35*w. Give v(w).
-13
Suppose -n - 4*x = -36, 0 = n + 2*x + 3*x - 43. Let c(t) = 2*t**2 - 17*t - 10. Determine c(n).
-18
Let w(h) = h**3 + 6*h**2 + h - 5. Suppose 92*a - 95*a = -318. Suppose -16*z + 26 = a. Give w(z).
15
Suppose 366*u - 432*u - 554*u + 1860 = 0. Let d(k) = -3*k**2 + 20*k - 38. Determine d(u).
-5
Let x(j) = -3*j**2 + 8*j - 30. Suppose 0 = 4*n + 3*c + 91 - 136, -3*c = 2*n - 33. What is x(n)?
-90
Let k(n) = -10*n - 96. Let i be 3/(-5) + -2 + 444/(-60). Determine k(i).
4
Let q(w) = -w**3 + 4*w**2 + 5*w + 4. Let n(u) = -2*u**2 + 33*u - 13. Let y be n(15). Suppose -2*m = -42 + y. Give q(m).
4
Let c(z) = 3*z**3 - 7*z**2 + 19*z + 8. Let y(m) = 14*m**3 - 33*m**2 + 90*m + 41. Let f(r) = 19*c(r) - 4*y(r). Determine f(0).
-12
Let p(b) = -b**3 + b**2. Let j(z) = -17*z**3 + z**2 - z. Let m(l) = j(l) + p(l). Suppose 36*w = 70584 - 26124. Let u = w + -1234. Determine m(u).
-17
Let s(y) = -y**2 - 2. Let i = 4 + -2. Suppose -5*x - 5*x = -20. Suppose -t + 3 = -x*c - i*c, c - t = 3. Calculate s(c).
-6
Let f(j) = 5*j**3 + 46*j**2 + 17*j - 58. Let p(t) = -2*t**3 - 22*t**2 - 10*t + 29. Let i(z) = -3*f(z) - 7*p(z). What is i(17)?
5
Let d(m) = 5*m**2 - 447*m + 632. Let i be d(88). Let l(v) = 2*v**3 - 27*v**2 - 82*v + 37. Give l(i).
5
Let r(k) = -k - 6. Suppose -3*v + 12 = -3*z, z - 5*v + 0*v = -20. Let y be r(z). Let t be (y - 1)*(-2)/(-7). Let g(i) = 3*i + 2. Determine g(t).
-4
Let y(p) = p**3 - 3*p**2 - 15*p + 26. Let v be y(5). Let g(o) = -29 + 28 + 4 - o. Determine g(v).
2
Let m(y) = -y**2 - 6*y + 11. Let r be (48/28)/3 + 4/(-7). Suppose 5*p = 2*i - r*i + 77, 0 = -3*i + 12. Let g = 9 - p. Determine m(g).
-5
Let w(s) = -52*s + 15. Let q be w(-6). Suppose 0 = -7*y - q + 796. Let d(u) = 33 - u + 32 - y. Give d(-3).
1
Let j(s) = -29463*s**2 - 1 + 17*s - 14 + 29462*s**2. What is j(17)?
-15
Let t = -59 + 62. Suppose 4*x - 8 = 2*i, 0*i + t*i - 4*x + 6 = 0. Let h(a) = 4*a**i - 1 + 1107*a - 1 - a**3 - 1109*a. Determine h(2).
2
Let w(k) be the third derivative of 1/8*k**4 - 1/60*k**5 + 0*k + 0 + 35*k**2 + 2/3*k**3. Determine w(6).
-14
Let k(x) = -2*x**2 + 17*x - 31. Let b be k(4). Let u(h) = 6 - 3*h + 10*h - 3*h + b. What is u(-5)?
-9
Let r = 330 - 87. Suppose -45 = 22*y - r. Let v(a) = -a**2 + 9*a + 7. What is v(y)?
7
Let r(b) = -2. Let d(g) = 3*g - 16. Let v = -212 + 207. Let w(i) = v*r(i) + d(i). Give w(5).
9
Let o be 6/(-1) + 9/1. Suppose -5*u - 12 - 28 = 0. Let v be 4 - (4 - u)/o. Let h(p) = p + 18. Give h(v).
18
Let v(o) be the first derivative of -2*o**3/3 + 21*o**2/2 + 4*o + 7043. Determine v(13).
-61
Let r(g) = -g**2 - 9*g + 3. Let i be r(-9). Suppose 2*t - 4*o + 26 = -3*o, 3*t + 42 = i*o. Let z(j) = -j**3 - 12*j**2 + j + 5. Give z(t).
-7
Let k be (0 - -5 - 9)*22/(-8). Suppose 15*x - 131 = -k. Let c(v) = -6*v + 12. Determine c(x).
-36
Let p(z) = z**2 - 11*z - 47. Suppose 59*m + 27 = 853. Calculate p(m).
-5
Suppose 0 = -25*o + 4*o + 42. Let j(g) = -g**o + 2 - 2*g**3 - 2*g**2 + 17100*g - 17101*g. Give j(-2).
8
Let v(y) = y**3 + 11*y**2 - 26*y - 1. Suppose p - 12 - 40 = 5*p. What is v(p)?
-1
Let j(p) be the first derivative of -p**3/3 - 3*p**2/2 - 5*p - 5444. Give j(2).
-15
Let z(v) = -3*v + 72. Suppose 161 = -122*x + 129*x. Give z(x).
3
Let h(v) be the first derivative of -7*v**2/2 + 97. What is h(-3)?
21
Let d(k) = -49*k + 3074. Let j be d(63). Let i(a) = a**3 + 14*a**2 + 6*a - 39. Determine i(j).
52
Let t(g) = -18*g - 133. Let v be t(-7). Let c(s) = -19*s - 32. Let z(p) = 6*p + 10. Let b(l) = v*z(l) - 2*c(l). Suppose 13 - 33 = 5*y. Calculate b(y).
10
Let d(c) be the second derivative of -c**4/12 - 26*c**3/3 - 279*c**2/2 - 7*c + 162. What is d(-6)?
-3
Let g(p) = p**2 - 9*p + 3. Let c be (-2)/2*9/(-1). Let n be g(c). Let z(y) = y - 1. Let m(i) = -2*i + 4. Let d(v) = m(v) + 6*z(v). Determine d(n).
10
Let f be (1/((-2)/(-4)))/((-167)/334). Let s(c) = 4*c**3 + 12*c**2 - 4*c - 1. Give s(f).
-49
Let l(j) = -j**3 + 5*j**2 + 4*j - 6. Suppose 5*q - 19 = f, -2 = 8*f - 5*f - 4*q. Let y be ((-81)/54)/(f/(-16)). Determine l(y).
26
Let q(r) = 2*r**3 + 4*r**2 + 1. Let a(h) = 11*h**3 + 29*h**2 + 8*h - 5. Let j(n) = a(n) - 6*q(n). Give j(6).
1
Let a(u) = u**3 - 6*u**2 + 4*u - 3. Let r be a(5). Let p be r/2 + (-4 - -64)/6. Let f(y) = -4*y + 7 - 2 - 2. Determine f(p).
-21
Let q(n) = -8*n**2 - 7*n - 6. Let p(h) = -h**2 - h - 4. Let k(l) = 4*p(l) - q(l). Give k(4).
66
Let w = -5467 + 5495. Let x(v) = -2*v**3 + 56*v**2 + 2*v - 55. Determine x(w).
1
Let b = -12 + 20. Let g be (-60)/b + (-15)/(-10). Let p(m) = 2 - 3 + 3 - 3 + m. Give p(g).
-7
Suppose h + 3 = q, -3 = -2*q + 5*h + 6. Let l(a) = -100 + q*a + a**2 + 97 + 0*a. Determine l(-4).
5
Suppose 271*n + 1963 = -1018. Let z(m) = -m**3 - 11*m**2 + 3*m + 27. What is z(n)?
-6
Let n(